{"id":30,"date":"2019-12-22T15:53:09","date_gmt":"2019-12-22T15:53:09","guid":{"rendered":"https:\/\/fenster-milchrahm.at\/wpx\/?page_id=30"},"modified":"2021-01-12T16:00:28","modified_gmt":"2021-01-12T16:00:28","slug":"fenster-milchrahm","status":"publish","type":"page","link":"https:\/\/www.fenster-milchrahm.at\/wpx\/","title":{"rendered":"Fenster Milchrahm"},"content":{"rendered":"\n<div class=\"wp-block-group\"><div class=\"wp-block-group__inner-container is-layout-flow wp-block-group-is-layout-flow\">\n<div class=\"wp-block-group\"><div class=\"wp-block-group__inner-container is-layout-flow wp-block-group-is-layout-flow\">\n<div class=\"wp-block-image is-style-default\"><figure class=\"alignleft size-medium is-resized\"><a href=\"https:\/\/www.fenster-milchrahm.at\/wpx\/index.php\/fenster\/\"><img loading=\"lazy\" decoding=\"async\" src=\"https:\/\/www.fenster-milchrahm.at\/wpx\/wp-content\/uploads\/2020\/06\/Fenster-1-297x300.png\" alt=\"\" class=\"wp-image-220\" width=\"270\" height=\"276\"\/><\/a><figcaption>Die Anspr\u00fcche an Fenster variieren von Bauvorhaben zu Bauvorhaben.<br> <\/figcaption><\/figure><\/div>\n<\/div><\/div>\n<\/div><\/div>\n\n\n\n<div class=\"wp-block-group\"><div class=\"wp-block-group__inner-container is-layout-flow wp-block-group-is-layout-flow\">\n<div class=\"wp-block-group\"><div class=\"wp-block-group__inner-container is-layout-flow wp-block-group-is-layout-flow\">\n<div class=\"wp-block-group\"><div class=\"wp-block-group__inner-container is-layout-flow wp-block-group-is-layout-flow\">\n<div class=\"wp-block-group\"><div class=\"wp-block-group__inner-container is-layout-flow wp-block-group-is-layout-flow\">\n<div class=\"wp-block-image\"><figure class=\"alignleft size-medium is-resized\"><a href=\"https:\/\/www.fenster-milchrahm.at\/wpx\/index.php\/tueren\/\"><img loading=\"lazy\" decoding=\"async\" src=\"https:\/\/www.fenster-milchrahm.at\/wpx\/wp-content\/uploads\/2020\/06\/T\u00fcren-2-297x300.png\" alt=\"\" class=\"wp-image-223\" width=\"270\" height=\"273\" srcset=\"https:\/\/www.fenster-milchrahm.at\/wpx\/wp-content\/uploads\/2020\/06\/T\u00fcren-2-297x300.png 297w, https:\/\/www.fenster-milchrahm.at\/wpx\/wp-content\/uploads\/2020\/06\/T\u00fcren-2.png 591w\" sizes=\"(max-width: 270px) 100vw, 270px\" \/><\/a><figcaption>Da jedes Haus auf die eigenen Anspr\u00fcche zugeschnitten und gebaut ist, braucht es die passende T\u00fcr um das Gesamtbild optimal abzurunden.<br><\/figcaption><\/figure><\/div>\n\n\n\n<p><\/p>\n<\/div><\/div>\n\n\n\n<figure class=\"wp-block-image size-medium is-resized\"><a href=\"https:\/\/www.fenster-milchrahm.at\/wpx\/index.php\/verglasungen\/\"><img loading=\"lazy\" decoding=\"async\" src=\"https:\/\/www.fenster-milchrahm.at\/wpx\/wp-content\/uploads\/2020\/06\/Verglasungen-6-297x300.png\" alt=\"\" class=\"wp-image-231\" width=\"270\" height=\"273\" srcset=\"https:\/\/www.fenster-milchrahm.at\/wpx\/wp-content\/uploads\/2020\/06\/Verglasungen-6-297x300.png 297w, https:\/\/www.fenster-milchrahm.at\/wpx\/wp-content\/uploads\/2020\/06\/Verglasungen-6.png 591w\" sizes=\"(max-width: 270px) 100vw, 270px\" \/><\/a><figcaption>Um Zusatzw\u00fcnsche oder Adaptierungen, die oftmals w\u00e4hrend des Baues oder kurz nach Fertigstellung des Bauprojektes Formen annehmen, bieten wir individuelle L\u00f6sungen f\u00fcr Verglasungen.<br><br><strong><br><\/strong><\/figcaption><\/figure>\n\n\n\n<figure class=\"wp-block-image is-resized\"><img loading=\"lazy\" decoding=\"async\" src=\"https:\/\/www.fenster-milchrahm.at\/wpx\/wp-content\/uploads\/2020\/06\/strich.png\" alt=\"\" class=\"wp-image-244\" width=\"1038\" height=\"52\" srcset=\"https:\/\/www.fenster-milchrahm.at\/wpx\/wp-content\/uploads\/2020\/06\/strich.png 14173w, https:\/\/www.fenster-milchrahm.at\/wpx\/wp-content\/uploads\/2020\/06\/strich-300x15.png 300w, https:\/\/www.fenster-milchrahm.at\/wpx\/wp-content\/uploads\/2020\/06\/strich-1024x51.png 1024w, https:\/\/www.fenster-milchrahm.at\/wpx\/wp-content\/uploads\/2020\/06\/strich-768x38.png 768w, https:\/\/www.fenster-milchrahm.at\/wpx\/wp-content\/uploads\/2020\/06\/strich-1536x77.png 1536w, https:\/\/www.fenster-milchrahm.at\/wpx\/wp-content\/uploads\/2020\/06\/strich-2048x102.png 2048w\" sizes=\"(max-width: 1038px) 100vw, 1038px\" \/><\/figure>\n<\/div><\/div>\n<\/div><\/div>\n<\/div><\/div>\n\n\n\n<div class=\"wp-block-media-text alignwide is-stacked-on-mobile\"><figure class=\"wp-block-media-text__media\"><img loading=\"lazy\" decoding=\"async\" width=\"1024\" height=\"576\" src=\"https:\/\/www.fenster-milchrahm.at\/wpx\/wp-content\/uploads\/2020\/06\/20200527_165733_kleiner-1024x576.jpg\" alt=\"\" class=\"wp-image-243\" srcset=\"https:\/\/www.fenster-milchrahm.at\/wpx\/wp-content\/uploads\/2020\/06\/20200527_165733_kleiner-1024x576.jpg 1024w, https:\/\/www.fenster-milchrahm.at\/wpx\/wp-content\/uploads\/2020\/06\/20200527_165733_kleiner-300x169.jpg 300w, https:\/\/www.fenster-milchrahm.at\/wpx\/wp-content\/uploads\/2020\/06\/20200527_165733_kleiner-768x432.jpg 768w, https:\/\/www.fenster-milchrahm.at\/wpx\/wp-content\/uploads\/2020\/06\/20200527_165733_kleiner-1536x864.jpg 1536w, https:\/\/www.fenster-milchrahm.at\/wpx\/wp-content\/uploads\/2020\/06\/20200527_165733_kleiner.jpg 1885w\" sizes=\"(max-width: 1024px) 100vw, 1024px\" \/><\/figure><div class=\"wp-block-media-text__content\">\n<p class=\"has-small-font-size\">Das erste Sommergarten-Projekt konnte erfolgreich fertiggestellt werden. <a href=\"https:\/\/www.fenster-milchrahm.at\/wpx\/index.php\/blog\/\">Mehr Informationen!<\/a><\/p>\n<\/div><\/div>\n\n\n\n<p><\/p>\n","protected":false},"excerpt":{"rendered":"<p>Das erste Sommergarten-Projekt konnte erfolgreich fertiggestellt werden. Mehr Informationen!<\/p>\n","protected":false},"author":1,"featured_media":0,"parent":0,"menu_order":0,"comment_status":"closed","ping_status":"closed","template":"","meta":{"footnotes":""},"class_list":["post-30","page","type-page","status-publish","hentry"],"_links":{"self":[{"href":"https:\/\/www.fenster-milchrahm.at\/wpx\/index.php\/wp-json\/wp\/v2\/pages\/30"}],"collection":[{"href":"https:\/\/www.fenster-milchrahm.at\/wpx\/index.php\/wp-json\/wp\/v2\/pages"}],"about":[{"href":"https:\/\/www.fenster-milchrahm.at\/wpx\/index.php\/wp-json\/wp\/v2\/types\/page"}],"author":[{"embeddable":true,"href":"https:\/\/www.fenster-milchrahm.at\/wpx\/index.php\/wp-json\/wp\/v2\/users\/1"}],"replies":[{"embeddable":true,"href":"https:\/\/www.fenster-milchrahm.at\/wpx\/index.php\/wp-json\/wp\/v2\/comments?post=30"}],"version-history":[{"count":7,"href":"https:\/\/www.fenster-milchrahm.at\/wpx\/index.php\/wp-json\/wp\/v2\/pages\/30\/revisions"}],"predecessor-version":[{"id":282,"href":"https:\/\/www.fenster-milchrahm.at\/wpx\/index.php\/wp-json\/wp\/v2\/pages\/30\/revisions\/282"}],"wp:attachment":[{"href":"https:\/\/www.fenster-milchrahm.at\/wpx\/index.php\/wp-json\/wp\/v2\/media?parent=30"}],"curies":[{"name":"wp","href":"https:\/\/api.w.org\/{rel}","templated":true}]}}